2
What is the units digit of 30688?
8
What is the units digit of 1513?
3
What is the hundreds digit of 1674?
6
What is the ten thousands digit of 114814?
1
What is the tens digit of 193?
9
What is the ten thousands digit of 14848?
1
What is the tens digit of 5757?
5
What is the units digit of 3048?
8
What is the units digit of 15367?
7
What is the tens digit of 3437?
3
What is the hundreds digit of 2499?
4
What is the thousands digit of 83977?
3
What is the units digit of 2067?
7
What is the thousands digit of 1088?
1
What is the hundreds digit of 187?
1
What is the ten thousands digit of 82916?
8
What is the hundreds digit of 1097?
0
What is the tens digit of 1034?
3
What is the thousands digit of 7763?
7
What is the tens digit of 5971?
7
What is the hundreds digit of 43642?
6
What is the units digit of 43071?
1
What is the tens digit of 9821?
2
What is the units digit of 1303?
3
What is the tens digit of 2024?
2
What is the hundreds digit of 2776?
7
What is the tens digit of 18202?
0
What is the units digit of 3225?
5
What is the hundreds digit of 5758?
7
What is the thousands digit of 7749?
7
What is the tens digit of 9829?
2
What is the units digit of 221?
1
What is the hundreds digit of 113?
1
What is the tens digit of 80302?
0
What is the hundreds digit of 2353?
3
What is the thousands digit of 22994?
2
What is the ten thousands digit of 145119?
4
What is the units digit of 34?
4
What is the units digit of 14650?
0
What is the thousands digit of 5481?
5
What is the tens digit of 38623?
2
What is the units digit of 69917?
7
What is the tens digit of 2360?
6
What is the hundreds digit of 6209?
2
What is the hundreds digit of 7313?
3
What is the thousands digit of 3190?
3
What is the tens digit of 2257?
5
What is the units digit of 960?
0
What is the tens digit of 167591?
9
What is the tens digit of 19745?
4
What is the tens digit of 1211?
1
What is the units digit of 70971?
1
What is the units digit of 3774?
4
What is the tens digit of 1392?
9
What is the thousands digit of 34617?
4
What is the hundreds digit of 21063?
0
What is the units digit of 9686?
6
What is the tens digit of 336?
3
What is the ten thousands digit of 27870?
2
What is the tens digit of 22644?
4
What is the thousands digit of 17085?
7
What is the tens digit of 6513?
1
What is the units digit of 147?
7
What is the tens digit of 80681?
8
What is the tens digit of 1106?
0
What is the ten thousands digit of 75741?
7
What is the units digit of 1675?
5
What is the units digit of 26944?
4
What is the hundreds digit of 8390?
3
What is the thousands digit of 18004?
8
What is the thousands digit of 69742?
9
What is the tens digit of 39930?
3
What is the units digit of 6857?
7
What is the thousands digit of 1901?
1
What is the units digit of 2789?
9
What is the hundreds digit of 5588?
5
What is the ten thousands digit of 40100?
4
What is the units digit of 17823?
3
What is the units digit of 24298?
8
What is the hundreds digit of 19075?
0
What is the units digit of 167?
7
What is the ten thousands digit of 13514?
1
What is the units digit of 706?
6
What is the hundreds digit of 46995?
9
What is the ten thousands digit of 37791?
3
What is the units digit of 3012?
2
What is the units digit of 1338?
8
What is the units digit of 15130?
0
What is the units digit of 5290?
0
What is the thousands digit of 1680?
1
What is the hundreds digit of 27595?
5
What is the thousands digit of 11456?
1
What is the hundreds digit of 1088?
0
What is the units digit of 69809?
9
What is the tens digit of 547?
4
What is the tens digit of 4021?
2
What is the thousands digit of 2152?
2
What is the units digit of 10127?
7
What is the ten thousands digit of 12058?
1
What is the thousands digit of 79346?
9
What is the hundreds digit of 31306?
3
What is the units digit of 5988?
8
What is the tens digit of 10041?
4
What is the units digit of 17779?
9
What is the tens digit of 23085?
8
What is the units digit of 5949?
9
What is the ten thousands digit of 35628?
3
What is the tens digit of 341?
4
What is the thousands digit of 120737?
0
What is the tens digit of 9742?
4
What is the tens digit of 29102?
0
What is the tens digit of 1382?
8
What is the tens digit of 67118?
1
What is the thousands digit of 3652?
3
What is the hundred thousands digit of 105204?
1
What is the tens digit of 961?
6
What is the hundreds digit of 1515?
5
What is the thousands digit of 54814?
4
What is the tens digit of 104?
0
What is the hundreds digit of 9415?
4
What is the units digit of 10216?
6
What is the hundreds digit of 1759?
7
What is the hundreds digit of 671?
6
What is the thousands digit of 17080?
7
What is the units digit of 7859?
9
What is the tens digit of 6408?
0
What is the hundreds digit of 4280?
2
What is the units digit of 5448?
8
What is the hundreds digit of 1455?
4
What is the units digit of 4232?
2
What is the units digit of 648?
8
What is the tens digit of 1268?
6
What is the hundreds digit of 16050?
0
What is the tens digit of 16162?
6
What is the hundreds digit of 3135?
1
What is the tens digit of 44961?
6
What is the hundreds digit of 1034?
0
What is the tens digit of 3338?
3
What is the thousands digit of 2392?
2
What is the thousands digit of 12111?
2
What is the thousands digit of 4719?
4
What is the tens digit of 8596?
9
What is the hundreds digit of 3372?
3
What is the ten thousands digit of 13537?
1
What is the hundreds digit of 59513?
5
What is the hundreds digit of 13073?
0
What is the units digit of 5104?
4
What is the hundreds digit of 2734?
7
What is the units digit of 3484?
4
What is the thousands digit of 2254?
2
What is the thousands digit of 4356?
4
What is the thousands digit of 11210?
1
What is the hundreds digit of 547?
5
What is the units digit of 938?
8
What is the hundreds digit of 1842?
8
What is the tens digit of 3114?
1
What is the hundreds digit of 231?
2
What is the tens digit of 312?
1
What is the hundred thousands digit of 111462?
1
What is the hundred thousands digit of 109743?
1
What is the thousands digit of 4002?
4
What is the tens digit of 50?
5
What is the units digit of 1056?
6
What is the tens digit of 514?
1
What is the tens digit of 17250?
5
What is the units digit of 22132?
2
What is the tens digit of 2806?
0
What is the units digit of 14098?
8
What is the hundreds digit of 8156?
1
What is the tens digit of 41528?
2
What is the tens digit of 12379?
7
What is the units digit of 8?
8
What is the units digit of 1976?
6
What is the thousands digit of 20369?
0
What is the thousands digit of 1778?
1
What is the thousands digit of 2930?
2
What is the hundreds digit of 7329?
3
What is the ten thousands digit of 46258?
4
What is the thousands digit of 11123?
1
What is the tens digit of 117?
1
What is the ten thousands digit of 13738?
1
What is the thousands digit of 26960?
6
What is the hundreds digit of 12174?
1
What is the thousands digit of 1451?
1
What is the hundreds digit of 5759?
7
What is the units digit of 2730?
0
What is the thousands digit of 1313?
1
What is the ten thousands digit of 23340?
2
What is the units digit of 555?
5
What is the thousands digit of 1376?
1
What is the tens digit of 1342?
4
What is the units digit of 3947?
7
What is the tens digit of 1627?
2
What is the units digit of 37374?
4
What is the hundreds digit of 13549?
5
What is the thousands digit of 2681?
2
What is the thousands digit of 1682?
1
What is the tens digit of 84?
8
What is the ten thousands digit of 10184?
1
What is the units digit of 3196?
6
What is the tens digit of 1478?
7
What is the tens digit of 26531?
3
What is the tens digit of 582?
8
What is the tens digit of 1131?
3
What is the hundreds digit of 411?
4
What is the units digit of 21337?
7
What is the units digit of 5597?
7
What is the tens digit of 1553?
5
What is the units digit of 39?
9
What is the units digit of 918?
8
What is the thousands digit of 46472?
6
What is the ten thousands digit of 20518?
2
What is the tens digit of 2929?
2
What is the units digit of 34129?
9
What is the thousands digit of 5007?
5
What is the units digit of 113264?
4
What is the ten thousands digit of 50303?
5
What is the hundreds digit of 77084?
0
What is the thousands digit of 4280?
4
What is the hundred thousands digit of 117440?
1
What is th